 Suppose 5*j = 10*j - 3*p + 237, -2*p - 98 = y*j. Let l = 75 + j. What is the units digit of l?
7
Suppose 1089 = 5*w + 1169. Let q(v) be the first derivative of -5*v**2 - 39*v - 1. What is the hundreds digit of q(w)?
1
Let v(q) = 22*q + 9. Let f(r) = r + 7. Let u be 12 + -16 + 1 + 0. Let d be f(u). What is the units digit of v(d)?
7
Let b = 9955 + -6507. What is the hundreds digit of b?
4
Suppose 34*z + 633397 = 1812958 + 1279523. What is the ten thousands digit of z?
7
Let l = 75 + -51. Let g(a) = 2*a**2 - 37*a + 45. What is the tens digit of g(l)?
0
Suppose 55885 = 26*t - 23*t + 7*c, 0 = t + 3*c - 18623. What is the thousands digit of t?
8
Suppose 1765 - 475 = 15*x. Suppose -g = -4*w - w - 8, 16 = -4*g - 4*w. What is the units digit of 3*x/9 + g/(-6)?
9
Let i = 104 - 102. Suppose 4*y = 4*k + 148, -i*k + 34 + 12 = y. Suppose 5*n - 3*o = 144, n + 12 = o + y. What is the tens digit of n?
3
Suppose 3*g + 42627 = 53946. What is the units digit of g?
3
Suppose 4*o = -2*s - 30, o + 4*s = 4 - 15. What is the units digit of (o - (-990)/27)*12?
6
Suppose l = 6*p + 8386 - 687, -3*l + 2*p = -23001. What is the tens digit of l?
6
Suppose -1 - 1 = -4*l - 2*x, 5*x = -2*l + 21. Let a be (-8)/(-6)*(-6)/l. Suppose -2*g + 534 = 4*j - 3*g, -a = -2*g. What is the units digit of j?
4
What is the ten thousands digit of (10615/(-22)*3)/(3/(-36)*1)?
1
Let k = -3225 + 12870. What is the tens digit of k?
4
Let l = 94 + -84. Let a(t) = -t**3 + 9*t**2 + 11*t + 2. Let s be a(l). What is the units digit of s/15 + 888/15?
0
Suppose -5*v - 26 = -7*v. Suppose v*y = 6*y - 3521. Let g = y - -738. What is the units digit of g?
5
Suppose -2*x - 5 - 3 = 0, 0 = 4*p + 3*x - 244. Let a be (-16)/5 + 3 + p/20. Let t = 202 + a. What is the tens digit of t?
0
Let h(b) = -b - 13. Let o be h(-9). Let k(z) = -2*z**3 + 3*z**2 - 6*z + 6. Let c be k(o). Let l = 348 - c. What is the tens digit of l?
4
Suppose -3*n - 43 = -2815. Suppose -51*f - n = -57*f. What is the hundreds digit of f?
1
Let d = -831 + 2526. Suppose -d + 9213 = 7*i. What is the thousands digit of i?
1
What is the tens digit of (-1059099)/(-212) - (-12)/(-16)?
9
Suppose 0 = 3*w - 37 - 41. Let k = 32 - w. Suppose 0 = 5*a + k*a - 1793. What is the tens digit of a?
6
Suppose -8 = b - u, -2*b - 5*u - 59 = 2*b. Let m(n) = n**3 + 11*n**2 - n - 4. Let d be m(b). Let w(q) = 13*q + 18. What is the hundreds digit of w(d)?
1
Suppose 15*s - 118609 = -1135489. What is the tens digit of (-5 - s/56) + (-6)/(-14)?
0
Let x(t) = t**3 - 5*t**2 + 2. Let q be x(5). Suppose -q*y = y + 333. Let v = y + 186. What is the tens digit of v?
7
Let y = 50 - 257. Let q = 543 - y. What is the tens digit of q?
5
Suppose 2*w = 4*r + 2, 5*r + 7*w - 30 = 3*w. Let u be -6*10/15*(-1)/r. Suppose 2*z + 4*m - u = 0, -z - 3*m + 19 = 4*z. What is the units digit of z?
5
Let a(z) = z**3 + z. Let d(n) = 0*n**3 - 9*n**2 + 6*n + 0*n + 2 + 4*n**3. Let i(t) = 3*a(t) - d(t). What is the units digit of i(4)?
6
Suppose -r + 33493 = w, 66961 = 2*r + 24*w - 27*w. What is the ten thousands digit of r?
3
Let z = 258 - 253. Suppose z*b = 5*x + 2130, -2*b + 1088 = x + 236. What is the hundreds digit of b?
4
Let i be 119 - (-7 + 3 + 6). Suppose -3*d + i = -g - 131, 66 = d + 3*g. What is the units digit of d?
1
What is the hundreds digit of (1700/6)/(86/2193) - 11?
2
Let x(q) = -2*q**3 + 82*q**2 + 31*q - 68. Let c be x(41). Suppose 5*d - 4*d = -i + c, d - 2*i = 1197. What is the hundreds digit of d?
2
Let d(o) = o - 52. Let x be d(24). Let t = -7110 + 4980. What is the tens digit of t/(-22) - x/154?
9
Let b = -268 - -88. What is the hundreds digit of 1/15 - 61728/b?
3
Let y = -77222 + 128757. What is the units digit of y?
5
Let n be -3 + (-17240)/(-15) - 2/(-3). Suppose 0 = -d - 349 + n. Suppose -9*f - d = -15*f. What is the hundreds digit of f?
1
Suppose x - 21 = 2*i, 2*i + 3*x + 4 = -13. Let v be 21/(2 - -1)*i/(-35). Suppose 0 = -3*w - v*k + 21 - 8, 4*w + 2*k - 16 = 0. What is the units digit of w?
3
Let n = 97 - 125. What is the units digit of ((-1134)/n)/((-4)/(-24))?
3
Suppose 0 = 16*i + 536 - 1800. Suppose -i*f = -74*f - 1260. What is the hundreds digit of f?
2
Suppose 5*p - 4*m + 2406 = -6*m, -2402 = 5*p + 4*m. Let b = p + 830. What is the units digit of b?
8
What is the ten thousands digit of (717/(-1) - 5)/(-1 + 45/47)?
1
Let o = 32 - 29. Let b(a) = -a. Let j be b(0). Suppose 222 = o*h - j*h. What is the units digit of h?
4
Let z(b) = 64*b - 60. Let h(r) = -r + 15. Let u be h(9). What is the hundreds digit of z(u)?
3
Suppose 6217 = 3*p - 4*w, -2*w + 2089 = 35*p - 34*p. What is the units digit of p?
9
Let r = -8435 + 10678. What is the thousands digit of r?
2
Let u(s) = s**3 - 37*s**2 + 437*s + 5. What is the hundreds digit of u(45)?
8
Let l = 140 - 138. Suppose -370 = -l*y - 16. What is the tens digit of y?
7
Suppose -3*n = -b + 4158, -2 = n - 3*n. What is the thousands digit of b?
4
Suppose -q + 3*q + 4*o = -12, -3*o - 15 = 0. Suppose 154 = -35*t + 42*t. Suppose 258 - t = q*v. What is the units digit of v?
9
Let n be 7/((-21)/(-822)) - -4. Suppose 0*z - 2*z = n. Let u = -71 - z. What is the units digit of u?
8
Let x(l) = -42*l**3 + 3*l**2 + 8*l + 4. Let d be x(-3). Let p = 1597 - d. What is the hundreds digit of p?
4
Suppose 758*z = 1073*z - 6662880. What is the units digit of z?
2
Let v = 11117 - 1884. What is the tens digit of v?
3
Let b(y) = -y**3 - 2*y**2 - y + 1. Let z(h) = 4*h**3 + 36*h**2 + 3*h + 117. Let t(k) = 3*b(k) + z(k). What is the tens digit of t(-30)?
2
Let u = -416 + 423. Suppose -u*o + 8*o - 1133 = 0. What is the units digit of o?
3
Let i(w) = 24*w**2 - 13*w - 119. What is the hundreds digit of i(-20)?
7
Suppose 5*y - 15222 = -4*b, -5*y + 24366 = 5*b + 5336. What is the tens digit of b?
0
Let r(j) = j + 45. Let p be r(-47). What is the units digit of (378/84)/(p/(-36))?
1
Suppose 2411 = 13*n - 3127. What is the hundreds digit of n?
4
Suppose -8*v + 6225 = -44839. What is the thousands digit of v?
6
Let g(v) = 6*v + 42. Let y(s) = -2*s - 19. Let h be y(-11). Suppose -2*w - 5*o = -24, -4*w + 6*o - h*o + 74 = 0. What is the tens digit of g(w)?
4
Let b = 92221 + -61783. What is the units digit of b?
8
Suppose 23*q + 3*q - 52 = 0. Suppose 0 = -o - q*o + a + 3576, 0 = -2*o + 2*a + 2380. What is the thousands digit of o?
1
Let z(b) = 23*b**2 + 9*b - 14 - 18 + 8. What is the tens digit of z(5)?
9
Suppose 10*n = -252 - 268. Let k = 55 + n. What is the hundreds digit of (262/k)/(6/9)?
1
What is the thousands digit of 7/(399/324096) + (-22)/(-209)?
5
Let f(l) = 5*l**2 - 13*l - 3314*l**3 + 3313*l**3 + 3 + 8*l**2. What is the tens digit of f(8)?
1
Let s be (8/6)/((-2)/(-276)). Suppose -3*m = -7*m + s. Suppose m = j - 3*y, -117 = -4*j + 2*j + y. What is the tens digit of j?
6
Let i(m) = -3935*m + 549. What is the units digit of i(-9)?
4
Let u be ((-9)/6)/(15/(-40)) + 0. Let t be 5*-4*(-2)/20. What is the units digit of 38/4*(u + t)?
7
Let m be (16/(-6))/(-1)*(-6)/(-4). What is the tens digit of (2 + -60 + -1)/(m - 5)?
5
Suppose 669 = u + 3*p + 22, 4*u = -3*p + 2615. Suppose u = 10*k - 2*k. Suppose -k*b - 293 = -83*b. What is the tens digit of b?
9
Suppose 0 = -2*l - 2, -103 = -0*x + 3*x - 5*l. What is the units digit of 5790/22 - (x/33)/(-6)?
3
Suppose 2*u = 4*z - 38, 0 = -4*u + u - 5*z - 46. Let q = u - -19. Suppose -q*x + x = -91. What is the tens digit of x?
9
Let k be (13 + -19)*4/(-6). What is the hundreds digit of k/(-32)*(-118)/(-1)*-16?
2
Let b(n) = -75*n**3 + n - 1. Let a be b(1). Suppose -6*k = -16*k - 1380. Let f = a - k. What is the units digit of f?
3
Let n = 61 - 59. Suppose 3*t = 0, 0 = h - n*h - 4*t + 604. What is the tens digit of h?
0
Let f = 994 - -747. Let g = f + 253. What is the tens digit of g?
9
Let l = -33468 - -65959. What is the thousands digit of l?
2
Let c be (-10)/4*(-72)/30. What is the hundreds digit of (-50778)/(-72) + c/8?
7
Suppose 4*n - 45 - 3 = 0. Let r = 39 - n. Let j = r + -21. What is the units digit of j?
6
Suppose 0 = 2*k + 10, 0 = 100*w - 99*w + k - 13168. What is the hundreds digit of w?
1
Suppose 0 = 198*s + 498844 - 2869894. What is the units digit of s?
5
Let a = 5620 - -578. What is the units digit of a?
8
Suppose -4*z = -3*c + 32359, 470*c + 32352 = 473*c + 3*z. What is the units digit of c?
5
Let b(n) = -58*n + 6741. 